 83*j + 2146. Give p(18).
4
Let y(g) = 2*g**2 + 44*g + 234. Calculate y(-10).
-6
Let o(s) = -21*s + 2. What is o(8)?
-166
Let v(m) = m**3 - 10*m**2 + 22*m + 17. Calculate v(7).
24
Let p(n) = 29*n + 1069. Calculate p(-37).
-4
Let u(o) = -45*o - 873. Calculate u(-19).
-18
Let o(k) = -9*k**2 + 6*k + 4. Give o(-3).
-95
Let w(z) = 5*z**2 + 417*z + 163. Calculate w(-83).
-3
Let r(v) = -1333*v - 2667. Give r(-2).
-1
Let g(p) = -4*p**3 - 2*p**2 - 23*p - 49. What is g(-3)?
110
Let l(i) = i**3 - 23*i**2 + 79*i - 38. Give l(19).
19
Let r(l) = -4*l**3 + 16*l**2 - 33*l + 173. What is r(6)?
-313
Let z(o) = -611*o - 36662. Determine z(-60).
-2
Let a(t) = -35*t**2 + 2*t - 1. Give a(-1).
-38
Let n(b) = -b**3 + 58*b**2 + 386*b - 125. Determine n(64).
3
Let p(j) = -72*j + 137. Give p(2).
-7
Let k(s) = 56*s + 9015. Give k(-161).
-1
Let y(m) = m**3 - 24*m**2 + 104*m - 1860. Determine y(23).
3
Let m(x) = x**3 - 11*x**2 + 6*x + 13. Calculate m(10).
-27
Let c(q) = 5*q**2 - 20*q + 43. What is c(7)?
148
Let w(s) = 8*s + 263. Determine w(-42).
-73
Let x(p) = 4*p**2 + 522*p + 2981. Determine x(-6).
-7
Let q(i) = 55*i - 1535. Calculate q(28).
5
Let c(h) = 618*h - 8033. Calculate c(13).
1
Let t(a) = a**3 + 5*a**2 + 2*a - 143. Calculate t(0).
-143
Let m(z) = -100*z + 9793. Give m(98).
-7
Let q(j) = -6*j**2 + 11*j + 103. What is q(10)?
-387
Let q(o) = 373*o - 1328. Determine q(3).
-209
Let b(p) = -34*p - 4786. Determine b(-141).
8
Let i(o) = -o**2 + 59*o + 1585. What is i(-20)?
5
Let l(p) = 6*p**2 + 119*p + 273. What is l(-2)?
59
Let c(n) = n**3 - 29*n**2 - 133*n + 24. What is c(33)?
-9
Let c(h) = -h**3 + 14*h**2 + 16. Give c(14).
16
Let g(a) = 3407*a - 61323. What is g(18)?
3
Let y(a) = 4919*a - 4916. Calculate y(1).
3
Let i(p) = -p**3 + 44*p**2 + 22*p - 96. Give i(44).
872
Let i(m) = 4*m + 203. Give i(-50).
3
Let f(j) = -4*j**2 - 16*j + 126. Give f(-8).
-2
Let x(y) = -402*y + 1222. What is x(3)?
16
Let s(t) = 82*t**3 - t**2 - 4*t - 2. What is s(-1)?
-81
Let h(o) = 2*o**3 + 2*o + 45. Give h(-4).
-91
Let j(o) = -178*o - 5598. Calculate j(-33).
276
Let w(z) = -2*z**3 - 2*z**2 - 3*z + 1. Calculate w(-2).
15
Let b(k) = -k**2 - 11*k + 109. Give b(-18).
-17
Let m(w) = 100*w - 1720. Determine m(17).
-20
Let l(k) = 5*k**2 + 50*k + 179. Determine l(-4).
59
Let p(s) = -5*s**3 + 7*s**2 + 28*s + 39. Determine p(-2).
51
Let x(o) = -5*o - 767. Calculate x(-97).
-282
Let i(j) = 9*j - 136. What is i(14)?
-10
Let a(s) = -3205*s + 205115. Give a(64).
-5
Let f(i) = 2*i**3 + 51*i**2 + 92*i - 41. What is f(-23)?
488
Let n(z) = -954*z - 12409. Calculate n(-13).
-7
Let k(z) = -z**3 + 4*z**2 - 244*z + 735. Calculate k(3).
12
Let c(i) = -4787*i - 28725. Calculate c(-6).
-3
Let z(d) = -22*d - 1451. Calculate z(-64).
-43
Let z(h) = 2*h**3 - 21*h**2 - 6*h + 138. What is z(10)?
-22
Let r(z) = -34*z**3 - 7*z**2 - 18*z - 11. Calculate r(-1).
34
Let l(r) = -9*r**2 + 671*r - 1926. Calculate l(3).
6
Let q(i) = -14*i - 179. Give q(-16).
45
Let a(v) = 177*v**2 - 1237*v + 6. Determine a(7).
20
Let b(d) = 42*d**3 + 9*d**2 - 57*d - 65. Give b(-1).
-41
Let o(a) = 43*a - 107. Give o(5).
108
Let l(h) = -4*h + 22. Determine l(30).
-98
Let j(s) = -s**3 - 30*s**2 + 100*s + 214. Determine j(-33).
181
Let u(m) = -9*m - 120. Determine u(-15).
15
Let a(g) = g**2 + 11*g - 4. Determine a(-10).
-14
Let r(o) = -2*o**3 - 19*o**2 + 2*o - 8. Calculate r(0).
-8
Let p(j) = 2*j**3 + 15*j**2 - 110*j - 14. Give p(-12).
10
Let j(g) = -40*g + 2710. Determine j(68).
-10
Let p(q) = 15*q + 129. Calculate p(11).
294
Let y(q) = -7*q - 4. Give y(-7).
45
Let l(h) = h**2 - 31*h + 127. Determine l(30).
97
Let g(b) = b**3 - 29*b**2 + 19*b + 258. What is g(28)?
6
Let l(j) = j**2 - j - 1041. Give l(32).
-49
Let s(u) = -27*u + 407. Calculate s(14).
29
Let n(w) = -11015*w + 154210. Determine n(14).
0
Let j(x) = x**2 - 199*x + 1607. What is j(8)?
79
Let f(i) = -i**3 + 156*i**2 - 128*i - 4114. Determine f(155).
71
Let r(n) = -999*n + 2976. Determine r(3).
-21
Let l(i) = -189*i + 1706. Calculate l(9).
5
Let v(a) = 4*a**3 - 135*a**2 - 34*a - 24. What is v(34)?
-24
Let u(b) = -471*b + 41442. Give u(88).
-6
Let q(c) = -c**2 + 136*c - 3546. What is q(101)?
-11
Let f(y) = -39*y + 750. Calculate f(19).
9
Let c(k) = k - 47. Calculate c(-9).
-56
Let m(y) = 297*y - 4474. Give m(15).
-19
Let a(o) = -o**3 - 41*o**2 - 51*o - 1. What is a(-40)?
439
Let r(q) = -264*q - 1794. What is r(-7)?
54
Let t(w) = 44*w + 242. Determine t(-5).
22
Let t(n) = -n**3 - 67*n**2 - 242*n + 605. Calculate t(-63).
-25
Let m(c) = -c**3 - 4*c**2 - 15*c - 6. Give m(-6).
156
Let j(v) = v**3 + 8*v**2 - 57*v - 14. Give j(-13).
-118
Let g(t) = -3*t**2 - 163*t + 363. Give g(-52).
727
Let d(a) = -4*a**3 + 10*a**2 - 23*a - 34. Give d(-1).
3
Let j(r) = r**3 - 5*r**2 + 15*r + 11. Determine j(7).
214
Let j(q) = -q**2 + 19*q - 31. Calculate j(6).
47
Let o(j) = -j**3 + 11*j**2 + 59*j - 540. Give o(6).
-6
Let f(w) = 70*w + 800. Give f(-11).
30
Let h(y) = -y**2 + 5771*y + 17314. Determine h(-3).
-8
Let u(c) = -c**3 + 14*c**2 + 14*c - 375. Calculate u(11).
142
Let o(n) = n**2 - 30*n + 123. What is o(0)?
123
Let l(y) = -178*y - 1420. Give l(-8).
4
Let u(k) = -5*k**2 - 70*k - 181. Give u(-8).
59
Let v(n) = n**3 + 28*n**2 - 65*n - 119. What is v(-30)?
31
Let w(o) = -418*o + 3668. Give w(9).
-94
Let d(b) = -b**3 - b**2 - 38*b + 491. Calculate d(0).
491
Let a(f) = 2*f**3 + 160*f**2 - 2*f - 45. What is a(-80)?
115
Let x(f) = f**3 - 8*f**2 - 24*f + 40. What is x(9)?
-95
Let f(d) = -15*d**2 + 217*d - 287. Calculate f(13).
-1
Let l(p) = p**3 + 3*p**2 + 36*p - 119. Determine l(5).
261
Let z(s) = 12*s + 395. Calculate z(-33).
-1
Let r(b) = b**3 - 27*b**2 - 148*b - 388. Calculate r(32).
-4
Let p(t) = 1102*t + 28656. Calculate p(-26).
4
Let g(r) = -r**2 + 48*r - 425. Give g(36).
7
Let y(t) = t + 79. What is y(-68)?
11
Let v(p) = -4*p**3 + 6*p**2 + 106*p + 10. Determine v(6).
-2
Let c(z) = -115*z - 640. Calculate c(-9).
395
Let j(s) = -90*s**2 - 454*s - 16. Calculate j(-5).
4
Let r(b) = -b**3 + 149*b**2 - 149*b + 103. Give r(148).
-45
Let j(u) = -u**3 + 20*u**2 - 16*u - 2. Give j(5).
293
Let m(s) = 11*s + 152. What is m(-18)?
-46
Let d(b) = 4*b**3 + 2*b**2 - 45*b - 312. Give d(-6).
-834
Let a(c) = 121*c + 40. Determine a(-1).
-81
Let m(r) = 15515*r - 6. Give m(0).
-6
Let b(l) = -13*l**3 + 1274*l**2 - 2*l + 158. What is b(98)?
-38
Let v(c) = c**3 - 38*c**2 - 82*c - 66. Determine v(40).
-146
Let m(z) = 3*z**3 - 3*z**2 + 7. Calculate m(-3).
-101
Let k(j) = -j**3 + 10*j**2 + 2*j + 84. Give k(13).
-397
Let m(i) = -12*i - 546. What is m(-49)?
42
Let l(y) = -y**3 - y**2 + 93*y + 207. Give l(-9).
18
Let y(l) = 3*l**2 - 38*l - 281. What is y(-5)?
-16
Let t(p) = p**2 + 2*p - 62. Calculate t(12).
106
Let c(u) = -2*u + 18. Calculate c(-65).
148
Let j(f) = 3*f**3 - 18*f**2 + 14*f - 8. Give j(5).
-13
Let d(r) = 17*r + 27. Determine d(-5).
-58
Let t(f) = -f**2 + 86*f + 1005. Give t(-10).
45
Let w(h) = -257*h - 1085. Calculate w(-6).
457
Let c(n) = -20*n**2 - 319*n + 11. Calculate c(-16).
-5
Let h(f) = -17*f**2 - 120*f + 13. Give h(-7).
20
Let a(n) = -14*n**2 + 677*n - 251. What is a(48)?
-11
Let k(n) = -1040*n - 2072. Determine k(-2).
8
Let r(j) = -j**2 + 44*j - 334. Calculate r(9).
-19
Let r(p) = 10*p**2 + 108*p + 212. Calculate r(-2).
36
Let z(d) = 873*d + 4380. What is z(-5)?
15
Let i(y) = -248*y - 1471. Calculate i(-6).
17
Let y(i) = i**3 - 16*i + 2. Give y(-5).
-43
Let i(s) = -6*s**2 + 52*s + 9. What is i(7)?
79
Let z(x) = -x**3 + 56*x**2 + 239*x + 84. Give z(60).
24
Let k(j) = -22*j + 197. Determine k(-9).
395
Let n(z) = 181*z**3 + 2*z - 3. Determine n(1).
180
Let h(o) = o**3 + 11*o**2 + 23*o + 24. What is h(-9)?
-21
Let c(k) = -8*k**3 + 128*k**2 + 3*k + 58. What is c(16)?
106
Let a(v) = -v**3 + 60*v**2 + 136*v - 932. Determine a(62).
-188
Let t(u) = 466*u - 1903. Calculate t(4).
-39
Let u(n) = -4*n**2 + 19*n - 23. Determine u(5).
-28
Let w(x) = 1189*x + 43991. Calculate w(-37).
-2
Let v(h) = 3*h**2 - 19*h - 177. Give v(-6).
45
Let w(l) = -2*l**2 + 83*l - 1. Give w(39).
194
Let s(f) = f**3 + 2*f**2 + 333*f - 672. What is s(2)?
10
Let u(l) = l**2 + 26*l - 26. Determine u(-29).
61
Let u(v) = -2437*v + 4900. Determine u(2).
26
Let d(r) = 10*r**2 + 483*r - 206. Determine d(-49).
137
Let d(p) = -183*p - 2941. Calculate d(-16).